[INFO] fetching crate ector 0.4.0...
[INFO] checking ector-0.4.0 against master#e6e4f7ed1589e03bc2f6c5931c1a72e7947e8682 for beta-170-4
[INFO] extracting crate ector 0.4.0 into /workspace/builds/worker-6-tc2/source
[INFO] validating manifest of crates.io crate ector 0.4.0 on toolchain e6e4f7ed1589e03bc2f6c5931c1a72e7947e8682
[INFO] running `Command { std: CARGO_HOME="/workspace/cargo-home" RUSTUP_HOME="/workspace/rustup-home" "/workspace/cargo-home/bin/cargo" "+e6e4f7ed1589e03bc2f6c5931c1a72e7947e8682" "metadata" "--manifest-path" "Cargo.toml" "--no-deps", kill_on_drop: false }`
[INFO] started tweaking crates.io crate ector 0.4.0
[INFO] finished tweaking crates.io crate ector 0.4.0
[INFO] tweaked toml for crates.io crate ector 0.4.0 written to /workspace/builds/worker-6-tc2/source/Cargo.toml
[INFO] crate crates.io crate ector 0.4.0 already has a lockfile, it will not be regenerated
[INFO] running `Command { std: CARGO_HOME="/workspace/cargo-home" RUSTUP_HOME="/workspace/rustup-home" "/workspace/cargo-home/bin/cargo" "+e6e4f7ed1589e03bc2f6c5931c1a72e7947e8682" "fetch" "--manifest-path" "Cargo.toml", kill_on_drop: false }`
[INFO] running `Command { std: "docker" "create" "-v" "/var/lib/crater-agent-workspace/builds/worker-6-tc2/target:/opt/rustwide/target:rw,Z" "-v" "/var/lib/crater-agent-workspace/builds/worker-6-tc2/source:/opt/rustwide/workdir:ro,Z" "-v" "/var/lib/crater-agent-workspace/cargo-home:/opt/rustwide/cargo-home:ro,Z" "-v" "/var/lib/crater-agent-workspace/rustup-home:/opt/rustwide/rustup-home:ro,Z" "-e" "SOURCE_DIR=/opt/rustwide/workdir" "-e" "CARGO_TARGET_DIR=/opt/rustwide/target" "-e" "CARGO_HOME=/opt/rustwide/cargo-home" "-e" "RUSTUP_HOME=/opt/rustwide/rustup-home" "-w" "/opt/rustwide/workdir" "-m" "1610612736" "--user" "0:0" "--network" "none" "ghcr.io/rust-lang/crates-build-env/linux@sha256:19e73879b68f455e41552ea35293514db52ea292d993f571636dbffedb77a1ee" "/opt/rustwide/cargo-home/bin/cargo" "+e6e4f7ed1589e03bc2f6c5931c1a72e7947e8682" "metadata" "--no-deps" "--format-version=1", kill_on_drop: false }`
[INFO] [stdout] 5ee94ad7295ff4d5703f550a9be693cc074d18cf4c9dd061a4d6d27b46f0bec6
[INFO] running `Command { std: "docker" "start" "-a" "5ee94ad7295ff4d5703f550a9be693cc074d18cf4c9dd061a4d6d27b46f0bec6", kill_on_drop: false }`
[INFO] running `Command { std: "docker" "inspect" "5ee94ad7295ff4d5703f550a9be693cc074d18cf4c9dd061a4d6d27b46f0bec6", kill_on_drop: false }`
[INFO] running `Command { std: "docker" "rm" "-f" "5ee94ad7295ff4d5703f550a9be693cc074d18cf4c9dd061a4d6d27b46f0bec6", kill_on_drop: false }`
[INFO] [stdout] 5ee94ad7295ff4d5703f550a9be693cc074d18cf4c9dd061a4d6d27b46f0bec6
[INFO] running `Command { std: "docker" "create" "-v" "/var/lib/crater-agent-workspace/builds/worker-6-tc2/target:/opt/rustwide/target:rw,Z" "-v" "/var/lib/crater-agent-workspace/builds/worker-6-tc2/source:/opt/rustwide/workdir:ro,Z" "-v" "/var/lib/crater-agent-workspace/cargo-home:/opt/rustwide/cargo-home:ro,Z" "-v" "/var/lib/crater-agent-workspace/rustup-home:/opt/rustwide/rustup-home:ro,Z" "-e" "SOURCE_DIR=/opt/rustwide/workdir" "-e" "CARGO_TARGET_DIR=/opt/rustwide/target" "-e" "CARGO_INCREMENTAL=0" "-e" "RUST_BACKTRACE=full" "-e" "RUSTFLAGS=--cap-lints=forbid" "-e" "RUSTDOCFLAGS=--cap-lints=forbid" "-e" "CARGO_HOME=/opt/rustwide/cargo-home" "-e" "RUSTUP_HOME=/opt/rustwide/rustup-home" "-w" "/opt/rustwide/workdir" "-m" "1610612736" "--user" "0:0" "--network" "none" "ghcr.io/rust-lang/crates-build-env/linux@sha256:19e73879b68f455e41552ea35293514db52ea292d993f571636dbffedb77a1ee" "/opt/rustwide/cargo-home/bin/cargo" "+e6e4f7ed1589e03bc2f6c5931c1a72e7947e8682" "check" "--frozen" "--all" "--all-targets" "--message-format=json", kill_on_drop: false }`
[INFO] [stdout] 4ae857860fea1a8667a28f5dae78db6583cb328192150a61c884301bd42994bd
[INFO] running `Command { std: "docker" "start" "-a" "4ae857860fea1a8667a28f5dae78db6583cb328192150a61c884301bd42994bd", kill_on_drop: false }`
[INFO] [stderr]    Compiling proc-macro2 v1.0.39
[INFO] [stderr]    Compiling semver v1.0.10
[INFO] [stderr]    Compiling futures-core v0.3.21
[INFO] [stderr]    Compiling syn v1.0.96
[INFO] [stderr]     Checking futures-sink v0.3.21
[INFO] [stderr]    Compiling futures-util v0.3.21
[INFO] [stderr]     Checking slab v0.4.6
[INFO] [stderr]     Checking futures-io v0.3.21
[INFO] [stderr]    Compiling lock_api v0.4.7
[INFO] [stderr]    Compiling atomic-polyfill v1.0.1
[INFO] [stderr]     Checking critical-section v1.1.1
[INFO] [stderr]     Checking byteorder v1.4.3
[INFO] [stderr]     Checking stable_deref_trait v1.2.0
[INFO] [stderr]     Checking nb v1.0.0
[INFO] [stderr]     Checking embedded-hal v1.0.0-alpha.10
[INFO] [stderr]     Checking void v1.0.2
[INFO] [stderr]    Compiling embassy-executor v0.2.0
[INFO] [stderr]    Compiling embassy-sync v0.2.0
[INFO] [stderr]     Checking embedded-io v0.4.0
[INFO] [stderr]     Checking nb v0.1.3
[INFO] [stderr]     Checking embedded-hal v0.2.7
[INFO] [stderr]     Checking embedded-hal-async v0.2.0-alpha.1
[INFO] [stderr]     Checking hash32 v0.2.1
[INFO] [stderr]     Checking futures-channel v0.3.21
[INFO] [stderr]     Checking static_cell v1.0.0
[INFO] [stderr]     Checking spin v0.9.3
[INFO] [stderr]    Compiling rustc_version v0.4.0
[INFO] [stderr]    Compiling quote v1.0.18
[INFO] [stderr]    Compiling heapless v0.7.13
[INFO] [stderr]     Checking futures-executor v0.3.21
[INFO] [stderr]     Checking embassy-time v0.1.1
[INFO] [stderr]     Checking futures v0.3.21
[INFO] [stderr]    Compiling darling_core v0.13.4
[INFO] [stderr]    Compiling ector-macros v0.4.0
[INFO] [stderr]    Compiling darling_macro v0.13.4
[INFO] [stderr]    Compiling darling v0.13.4
[INFO] [stderr]    Compiling embassy-macros v0.2.0
[INFO] [stderr]     Checking ector v0.4.0 (/opt/rustwide/workdir)
[INFO] [stdout] error[E0432]: unresolved import `ector::testutils`
[INFO] [stdout]  --> tests/notifications.rs:8:5
[INFO] [stdout]   |
[INFO] [stdout] 8 |     testutils::{DummyActor, *},
[INFO] [stdout]   |     ^^^^^^^^^ could not find `testutils` in `ector`
[INFO] [stdout] 
[INFO] [stdout] 
[INFO] [stdout] warning: using `.clone()` on a double reference, which returns `&str` instead of cloning the inner type
[INFO] [stdout]   --> examples/request.rs:46:34
[INFO] [stdout]    |
[INFO] [stdout] 46 |             let m = motd.as_ref().clone();
[INFO] [stdout]    |                                  ^^^^^^^^
[INFO] [stdout]    |
[INFO] [stdout]    = note: `#[warn(suspicious_double_ref_op)]` on by default
[INFO] [stdout] 
[INFO] [stdout] 
[INFO] [stdout] error[E0425]: cannot find function, tuple struct or tuple variant `TestMessage` in this scope
[INFO] [stdout]   --> tests/notifications.rs:18:39
[INFO] [stdout]    |
[INFO] [stdout] 18 |     let result_1 = address.try_notify(TestMessage(0));
[INFO] [stdout]    |                                       ^^^^^^^^^^^ not found in this scope
[INFO] [stdout] 
[INFO] [stdout] 
[INFO] [stdout] warning: 1 warning emitted
[INFO] [stdout] 
[INFO] [stdout] 
[INFO] [stdout] error[E0425]: cannot find function, tuple struct or tuple variant `TestMessage` in this scope
[INFO] [stdout]   --> tests/notifications.rs:19:39
[INFO] [stdout]    |
[INFO] [stdout] 19 |     let result_2 = address.try_notify(TestMessage(1));
[INFO] [stdout]    |                                       ^^^^^^^^^^^ not found in this scope
[INFO] [stdout] 
[INFO] [stdout] 
[INFO] [stdout] error[E0425]: cannot find function `step_actor` in this scope
[INFO] [stdout]   --> tests/notifications.rs:24:5
[INFO] [stdout]    |
[INFO] [stdout] 24 |     step_actor(&mut actor_fut);
[INFO] [stdout]    |     ^^^^^^^^^^ not found in this scope
[INFO] [stdout] 
[INFO] [stdout] 
[INFO] [stdout] error[E0425]: cannot find function, tuple struct or tuple variant `TestMessage` in this scope
[INFO] [stdout]   --> tests/notifications.rs:25:39
[INFO] [stdout]    |
[INFO] [stdout] 25 |     let result_2 = address.try_notify(TestMessage(1));
[INFO] [stdout]    |                                       ^^^^^^^^^^^ not found in this scope
[INFO] [stdout] 
[INFO] [stdout] 
[INFO] [stdout] error: aborting due to 5 previous errors
[INFO] [stdout] 
[INFO] [stdout] 
[INFO] [stdout] Some errors have detailed explanations: E0425, E0432.
[INFO] [stdout] 
[INFO] [stdout] For more information about an error, try `rustc --explain E0425`.
[INFO] [stdout] 
[INFO] [stderr] error: could not compile `ector` (test "notifications") due to 6 previous errors
[INFO] [stderr] warning: build failed, waiting for other jobs to finish...
[INFO] running `Command { std: "docker" "inspect" "4ae857860fea1a8667a28f5dae78db6583cb328192150a61c884301bd42994bd", kill_on_drop: false }`
[INFO] running `Command { std: "docker" "rm" "-f" "4ae857860fea1a8667a28f5dae78db6583cb328192150a61c884301bd42994bd", kill_on_drop: false }`
[INFO] [stdout] 4ae857860fea1a8667a28f5dae78db6583cb328192150a61c884301bd42994bd
